t b(p) = -662*p + 576. What is b(1)?
-86
Let t(m) = m**3 + 13*m**2 + 1936*m + 13273. Give t(-7).
15
Let d(o) = 4*o**3 - 106*o**2 - 705*o + 3. Calculate d(32).
-29
Let l(y) = -80*y**2 + 934*y - 7. Determine l(10).
1333
Let p(s) = -s**3 - 9*s**2 + 51*s + 345. What is p(-13)?
358
Let r(x) = x**2 + 290*x + 7094. Determine r(-48).
-4522
Let m(y) = 2*y**2 - 66*y - 1563. Calculate m(-18).
273
Let g(b) = 4575*b + 2388082. Calculate g(-522).
-68
Let w(j) = -648*j + 57157. Determine w(92).
-2459
Let p(s) = s**3 + 1556*s**2 + 36848*s + 122549. Calculate p(-1532).
-11
Let r(k) = 82*k**2 - 240*k - 15. Determine r(4).
337
Let t(u) = u**3 + 9*u**2 + 144*u + 1073. Give t(-8).
-15
Let r(j) = -j**3 - 356*j**2 - 1761*j - 2068. Determine r(-351).
38
Let p(y) = -y**3 + 65*y**2 + 10639*y - 5837. Give p(-76).
15
Let o(v) = 2351*v + 728767. Give o(-310).
-43
Let z(s) = 2*s**3 - 29*s**2 - 247*s + 29. What is z(-7)?
-349
Let q(s) = 6*s**2 - 31*s - 22. Give q(5).
-27
Let k(x) = -1574*x + 88033. Calculate k(56).
-111
Let y(b) = -6*b**2 - 497*b + 5050. What is y(-92)?
-10
Let l(t) = t**3 + 15*t**2 + 200*t + 1198. Calculate l(-8).
46
Let s(q) = -722545*q - 2890181. Calculate s(-4).
-1
Let y(g) = 2*g**3 + 13*g**2 + 6421*g + 32044. Give y(-5).
14
Let a(o) = 59*o - 2476. Give a(40).
-116
Let o(h) = 151*h**2 - 988*h - 63. Calculate o(6).
-555
Let q(p) = p**2 + 513110*p - 8723157. Determine q(17).
2
Let v(n) = n**2 + 3719*n - 41025. What is v(11)?
5
Let z(j) = -1381656*j + 1381649. Calculate z(1).
-7
Let b(o) = -386*o**2 + 2128*o + 2141. What is b(-1)?
-373
Let k(z) = -992517*z + 2977529. Determine k(3).
-22
Let l(q) = -131*q**2 - 19656*q - 905. Calculate l(-150).
-5
Let u(r) = 724736*r + 22466812. Determine u(-31).
-4
Let v(w) = 6*w**2 + 507*w - 749. What is v(-86)?
25
Let w(k) = -8*k**3 - 46*k**2 - 1277*k - 7732. Determine w(-6).
2
Let u(n) = -n**3 + 12*n**2 + 314*n + 5193. Give u(29).
2
Let t(p) = -241*p**3 - 34*p**2 - 21*p + 12. Give t(-1).
240
Let p(i) = -2*i**3 - 67*i**2 - 372*i - 238. Give p(-6).
14
Let a(j) = 2028*j - 204830. Determine a(101).
-2
Let r(s) = s**2 + 191*s + 888. What is r(-186)?
-42
Let d(b) = -4*b**2 + 150*b + 3. Calculate d(-6).
-1041
Let v(n) = -704*n**2 - 292160*n + 107. Give v(-415).
107
Let m(l) = 3*l**2 - 1270*l + 8832. Give m(7).
89
Let d(a) = -30*a**2 + 6570*a - 660. Give d(219).
-660
Let g(t) = 4*t**2 + 128*t - 2050. Determine g(13).
290
Let g(s) = -s**3 - 5*s**2 - 4739*s - 38102. What is g(-8)?
2
Let s(h) = h**2 + 2873*h - 37524. Determine s(13).
-6
Let q(h) = -h**3 - 17*h**2 + 3*h + 200. Calculate q(0).
200
Let k(n) = 27*n + 2652. Determine k(-72).
708
Let s(j) = -j**2 + 1688*j - 712104. Determine s(829).
7
Let l(x) = -203*x**2 + 79*x - 143. What is l(2)?
-797
Let j(h) = -3607*h - 93776. Give j(-26).
6
Let t(b) = b**3 + 66*b**2 - 1459*b - 53102. What is t(-76)?
22
Let t(q) = 40554*q - 10300708. Calculate t(254).
8
Let i(a) = 554*a**2 - 6680*a + 369. Give i(12).
-15
Let n(x) = -17*x**2 - 807*x + 209. Determine n(-48).
-223
Let a(z) = z**3 + 187*z**2 + 6338*z + 44. Give a(-44).
-1980
Let k(a) = 4847*a - 4905. Determine k(1).
-58
Let r(n) = -n**3 + 25*n**2 - 125*n - 90. What is r(12)?
282
Let c(m) = -400*m + 90066. Calculate c(225).
66
Let n(o) = -66489*o**2 - 1529244*o + 74. Determine n(-23).
5
Let j(k) = -k**3 - 462*k**2 - 453*k + 11. Determine j(-1).
3
Let a(h) = -6*h**3 - 232*h**2 + 1305*h + 37. What is a(5)?
12
Let r(s) = 17169*s + 789770. Calculate r(-46).
-4
Let a(w) = 3310*w + 658681. What is a(-199)?
-9
Let o(x) = 2185*x**2 + 8668*x. Determine o(-4).
288
Let p(v) = -31*v**3 - 84*v**2 - 50*v - 101. What is p(-2)?
-89
Let f(y) = 2*y**3 + 21*y**2 - 10*y + 93. Give f(10).
4093
Let t(o) = 7266*o - 1758379. What is t(242)?
-7
Let w(f) = 16464*f - 180847. Give w(11).
257
Let x(m) = 64498*m - 645011. Give x(10).
-31
Let t(n) = 2749*n + 10846. Give t(-4).
-150
Let p(a) = -a**3 + 35*a**2 + 3574*a - 38274. Give p(10).
-34
Let h(v) = -14*v**3 + 744*v**2 - 119*v + 689. What is h(53)?
0
Let r(o) = 14*o**3 - 2453*o**2 + 5370*o - 366. What is r(173)?
845
Let t(l) = 10*l**3 + 49*l**2 + 47*l + 37. Calculate t(-4).
-7
Let q(u) = -4*u**2 - 783*u + 11752. Calculate q(14).
6
Let z(n) = 4521*n + 27135. Calculate z(-6).
9
Let a(g) = g**3 + 1880*g**2 + 312060*g - 734. What is a(-184)?
2
Let w(p) = -4*p**2 + 2616*p - 262873. Determine w(124).
7
Let l(u) = -u**3 - u**2 - 17378*u - 34763. Give l(-2).
-3
Let i(h) = -309778*h - 1548883. What is i(-5)?
7
Let p(s) = -10*s**2 - 443*s - 7103. What is p(-17)?
-2462
Let f(r) = 616*r**3 + r**2 - 99*r + 100. What is f(1)?
618
Let a(k) = -7*k**2 + 86*k + 410. Give a(17).
-151
Let d(x) = 217*x + 6344. Give d(-31).
-383
Let w(t) = -t**3 + 55*t**2 - 516*t + 462. Calculate w(11).
110
Let k(t) = 13*t**2 + 386*t + 2967. Calculate k(-18).
231
Let o(p) = 20048*p - 60175. Give o(3).
-31
Let h(c) = c**3 - 65*c**2 - 187*c - 1112. Calculate h(68).
44
Let o(t) = 125*t + 16387. Calculate o(-132).
-113
Let l(p) = 14*p**2 - 1512*p + 12163. What is l(8)?
963
Let g(c) = -171*c - 15364. What is g(-86)?
-658
Let q(p) = -2*p**2 + 165*p + 26919. Determine q(164).
187
Let n(l) = -503*l**2 + 30752*l - 4211. Give n(61).
-2
Let d(b) = -42*b**2 + 19565*b + 3228. What is d(466)?
-34
Let y(b) = 8337*b + 33350. Give y(-4).
2
Let l(h) = h**3 - 68*h**2 + 529*h - 26138. Calculate l(66).
64
Let z(m) = -m**3 - 95*m**2 - 11*m - 308. Give z(-95).
737
Let p(d) = 800*d - 3345. Determine p(5).
655
Let n(y) = 276421*y - 829295. Give n(3).
-32
Let x(n) = -n**3 + 163*n**2 + 20082*n + 1947. Calculate x(245).
-13
Let f(c) = 7*c**3 - 27*c**2 - 18*c + 31. Calculate f(2).
-57
Let i(c) = 40*c + 51. What is i(-12)?
-429
Let x(d) = 1152*d**2 + 269573*d + 1148. Give x(-234).
-22
Let p(z) = -z**2 - 586*z + 351076. Calculate p(-954).
4
Let b(n) = -156679*n - 1096750. Determine b(-7).
3
Let k(y) = 2628*y + 5153. Determine k(-2).
-103
Let n(f) = -f**2 - 154*f + 71366. What is n(-355)?
11
Let h(z) = -z**2 - 1106155*z + 26. Determine h(0).
26
Let u(z) = 180846*z + 904268. Calculate u(-5).
38
Let w(k) = k**2 + 90*k + 1391. Give w(-20).
-9
Let z(d) = 3*d**3 - 893*d**2 + 608*d - 4149. Determine z(297).
9
Let c(o) = 32*o**2 + 11*o + 11. Determine c(4).
567
Let x(z) = -2*z**2 + 378*z - 11612. Determine x(149).
308
Let l(d) = 3*d**3 + 40*d**2 - 94*d - 1196. Give l(-13).
195
Let i(y) = 40*y**2 - 1532*y - 10670. Give i(-7).
2014
Let z(j) = -j**3 - 718*j**2 - 36464*j + 661. Determine z(-663).
-2
Let z(v) = 4*v**2 + 5582*v + 38883. Calculate z(-7).
5
Let o(g) = 11*g**3 + 1561*g**2 - 46*g + 13637. Give o(-142).
5
Let m(u) = -121*u - 353. Calculate m(-15).
1462
Let t(a) = 2*a**2 - 104*a + 927. Determine t(14).
-137
Let c(u) = -1922*u**2 + 11390*u + 13. Determine c(6).
-839
Let d(j) = -219*j**2 + 5920*j - 105. Give d(27).
84
Let b(l) = l**3 - 13*l**2 - 129*l + 54. Give b(-8).
-258
Let f(a) = -a**3 + 22*a**2 - 58567*a + 1170501. Give f(20).
-39
Let o(s) = -s**3 - 28*s**2 - 205*s - 142. Determine o(-12).
14
Let n(t) = -6*t**3 - 4*t**2 + 142*t + 990. Determine n(-8).
2670
Let s(g) = g**3 + 136*g**2 - 7044*g + 103. Calculate s(40).
-57
Let n(k) = -4*k**3 + 168*k**2 - 1529*k + 623. Determine n(29).
14
Let r(z) = 178910*z + 1789101. Determine r(-10).
1
Let v(n) = 5*n**2 + 2371*n + 162347. Give v(-83).
-1
Let c(m) = 28*m + 1037. Determine c(-45).
-223
Let g(b) = -17*b**3 - 29*b**2 + 74*b + 19. What is g(3)?
-479
Let w(y) = -236*y - 890. Give w(-4).
54
Let m(q) = q**3 + 29*q**2 + 223*q + 755. Calculate m(-20).
-105
Let d(n) = 15*n**2 - 1395*n + 2169. Give d(90).
-1881
Let l(a) = -14*a**2 + 2523*a - 17708. What is l(7)?
-733
Let u(n) = n**3 + 46*n**2 - 18*n - 2406. What is u(-48)?
-6150
Let q(a) = -156662*a + 2036633. Give q(13).
27
Let c(d) = 211*d + 2877. Calculate c(-13).
134
Let i(f) = 11*f**2 + 1408*f - 1392. Give i(-129).
27
Let d(j) = 164*j**2 - 3059*j + 1986. Give d(18).
60
Let v(i) = 2*i**3 + 71*i**2 - 954*i + 2743. Calculate v(5).
-2
Let m(t) = 5*t**3 - 6*t**2 - 46*t + 257. Calculate m(6).
845
Let p(f) = -9*f**2 + 2211*f + 37736. Give p(-17).
-2452
Let n(d) = 2*d**2 - 7057*d - 113434. What is n(-16)?
-10
Let f(r) = 723*r - 148716. Give f(208).
1668
Let p(g) = -123*g**2 + 1020*g - 326. Calculate p(8).
-38
Let r(a) = 5*a**3 - 68*a**2 - 119*a + 1254. Calculate r(14).
-20
Let t(g) = g**3 - 528